{"id":38203,"date":"2025-04-25T13:48:25","date_gmt":"2025-04-25T18:48:25","guid":{"rendered":"https:\/\/amberadvocate.org\/staff-bio\/dave-chewiwie\/"},"modified":"2025-04-25T13:48:25","modified_gmt":"2025-04-25T18:48:25","slug":"dave-chewiwie","status":"publish","type":"staff-bio","link":"https:\/\/amberadvocate.org\/es\/staff-bio\/dave-chewiwie\/","title":{"rendered":"Dave chewiwie"},"template":"","class_list":["post-38203","staff-bio","type-staff-bio","status-publish","hentry"],"meta_box":{"staff_bio_staff_bio_headshot":[],"staff_bio_staff_bio_title":"Coordinadora de Proyectos, Alerta AMBER en el Pa\u00eds Indio","staff_bio_staff_bio_email":"","staff_bio_staff_bio_email_btn_text":"Enviar correo electr\u00f3nico a Dave","staff_bio_staff_bio_about_btn_text":"Acerca de Dave","staff_bio_staff_bio_description":"<p><strong>David Chewiwie<\/strong> forma parte del equipo de AMBER Alert en territorio ind\u00edgena desde 2021 y es coordinador de proyectos. David es un orgulloso miembro tribal del pueblo de Isleta en Nuevo M\u00e9xico, actualmente vive en el sur de California y es un veterano del Cuerpo de Marines de los Estados Unidos. La carrera de 32 a\u00f1os de David en las fuerzas del orden incluy\u00f3 asignaciones en patrulla, investigaciones y supervisi\u00f3n. David se retir\u00f3 de las fuerzas del orden en 2018 y pas\u00f3 cinco a\u00f1os adicionales trabajando en b\u00fasqueda y rescate. Adem\u00e1s, tras su jubilaci\u00f3n, David fue contratado por el Centro Nacional para Ni\u00f1os Desaparecidos y Explotados (NCMEC), como miembro del Equipo Adam. En 2019, David comenz\u00f3 a ayudar a las comunidades y familias nativas en la b\u00fasqueda de sus familiares nativos desaparecidos, a trav\u00e9s de su Native Missing Network, que proporcionaba asesoramiento, formaci\u00f3n, recursos y, en algunos casos, asistencia real en la b\u00fasqueda. David tambi\u00e9n ha utilizado su amplia formaci\u00f3n y experiencia para encontrar ni\u00f1os desaparecidos, as\u00ed como para ayudar y orientar a las fuerzas del orden y a otros organismos y organizaciones en sus b\u00fasquedas de ni\u00f1os desaparecidos y secuestrados en situaci\u00f3n cr\u00edtica, as\u00ed como de ni\u00f1os desaparecidos a largo plazo. Su trabajo en territorio ind\u00edgena ha sido lo m\u00e1s destacado de su extensa carrera y espera seguir sirviendo a las comunidades nativas en el futuro.       <\/p>\n"},"publishpress_future_workflow_manual_trigger":{"enabledWorkflows":[]},"_links":{"self":[{"href":"https:\/\/amberadvocate.org\/es\/wp-json\/wp\/v2\/staff-bio\/38203","targetHints":{"allow":["GET"]}}],"collection":[{"href":"https:\/\/amberadvocate.org\/es\/wp-json\/wp\/v2\/staff-bio"}],"about":[{"href":"https:\/\/amberadvocate.org\/es\/wp-json\/wp\/v2\/types\/staff-bio"}],"wp:attachment":[{"href":"https:\/\/amberadvocate.org\/es\/wp-json\/wp\/v2\/media?parent=38203"}],"curies":[{"name":"wp","href":"https:\/\/api.w.org\/{rel}","templated":true}]}}

Coordinadora de Proyectos, Alerta AMBER en el País Indio

Enviar correo electrónico a Dave

<p><strong>David Chewiwie</strong> forma parte del equipo de AMBER Alert en territorio indígena desde 2021 y es coordinador de proyectos. David es un orgulloso miembro tribal del pueblo de Isleta en Nuevo México, actualmente vive en el sur de California y es un veterano del Cuerpo de Marines de los Estados Unidos. La carrera de 32 años de David en las fuerzas del orden incluyó asignaciones en patrulla, investigaciones y supervisión. David se retiró de las fuerzas del orden en 2018 y pasó cinco años adicionales trabajando en búsqueda y rescate. Además, tras su jubilación, David fue contratado por el Centro Nacional para Niños Desaparecidos y Explotados (NCMEC), como miembro del Equipo Adam. En 2019, David comenzó a ayudar a las comunidades y familias nativas en la búsqueda de sus familiares nativos desaparecidos, a través de su Native Missing Network, que proporcionaba asesoramiento, formación, recursos y, en algunos casos, asistencia real en la búsqueda. David también ha utilizado su amplia formación y experiencia para encontrar niños desaparecidos, así como para ayudar y orientar a las fuerzas del orden y a otros organismos y organizaciones en sus búsquedas de niños desaparecidos y secuestrados en situación crítica, así como de niños desaparecidos a largo plazo. Su trabajo en territorio indígena ha sido lo más destacado de su extensa carrera y espera seguir sirviendo a las comunidades nativas en el futuro.       </p>
