{"id":30771,"date":"2024-02-04T22:27:02","date_gmt":"2024-02-05T04:27:02","guid":{"rendered":"https:\/\/amberadvocate.org\/staff-bio\/derek-vanluchene\/"},"modified":"2025-10-23T15:41:04","modified_gmt":"2025-10-23T20:41:04","slug":"derek-vanluchene","status":"publish","type":"staff-bio","link":"https:\/\/amberadvocate.org\/es\/staff-bio\/derek-vanluchene\/","title":{"rendered":"Derek VanLuchene"},"template":"","class_list":["post-30771","staff-bio","type-staff-bio","status-publish","has-post-thumbnail","hentry"],"meta_box":{"staff_bio_staff_bio_headshot":[],"staff_bio_staff_bio_title":"Director de programa, equipos de respuesta a la sustracci\u00f3n de menores","staff_bio_staff_bio_email":"","staff_bio_staff_bio_email_btn_text":"EMAIL DEREK","staff_bio_staff_bio_about_btn_text":"SOBRE DEREK","staff_bio_staff_bio_description":"<p><strong>Derek VanLuchene<\/strong> es director de programa del Programa de capacitaci\u00f3n y asistencia t\u00e9cnica de Alerta AMBER (AATTAP) y se centra en el programa de equipos de respuesta a la sustracci\u00f3n de menores (CART) de AATTAP, as\u00ed como en seguir ampliando el n\u00famero de programas CART certificados por el Departamento de Justicia de EE. UU., aumentar el n\u00famero de programas CART capacitados en territorios ind\u00edgenas y ayudar a los equipos previamente capacitados a mantener la capacidad operativa y la preparaci\u00f3n. Derek colabora estrechamente con un talentoso equipo de formadores de CART y con el equipo de certificaci\u00f3n CART de AATTAP para evaluar el estado de los programas CART en todo el pa\u00eds. <\/p>\n<p>Derek aporta una perspectiva \u00fanica a la investigaci\u00f3n y la respuesta a las sustracciones de menores. En 1987, cuando Derek ten\u00eda 17 a\u00f1os, su hermano Ryan, de 8 a\u00f1os, fue secuestrado y asesinado por un delincuente sexual reincidente. Ryan fue sacado del patio trasero de la familia en una comunidad rural de Montana. Desde entonces, Derek se ha dedicado a cuestiones relacionadas con la gesti\u00f3n de delincuentes sexuales y la respuesta a la sustracci\u00f3n de menores.   <\/p>\n<p>Derek pas\u00f3 22 a\u00f1os como agente de la ley de Montana trabajando tanto para el Departamento de Polic\u00eda de Conrad como para la Divisi\u00f3n de Investigaci\u00f3n Criminal de Montana.<\/p>\n<p>Derek ha trabajado como asociado con FVTC y su Centro Nacional de Capacitaci\u00f3n en Justicia Penal, as\u00ed como con el Centro Nacional para Ni\u00f1os Desaparecidos y Explotados, durante m\u00e1s de 15 a\u00f1os y ha impartido numerosos cursos en el programa CART y otros cursos de investigaci\u00f3n.<\/p>\n"},"publishpress_future_workflow_manual_trigger":{"enabledWorkflows":[]},"_links":{"self":[{"href":"https:\/\/amberadvocate.org\/es\/wp-json\/wp\/v2\/staff-bio\/30771","targetHints":{"allow":["GET"]}}],"collection":[{"href":"https:\/\/amberadvocate.org\/es\/wp-json\/wp\/v2\/staff-bio"}],"about":[{"href":"https:\/\/amberadvocate.org\/es\/wp-json\/wp\/v2\/types\/staff-bio"}],"wp:featuredmedia":[{"embeddable":true,"href":"https:\/\/amberadvocate.org\/es\/wp-json\/wp\/v2\/media\/29336"}],"wp:attachment":[{"href":"https:\/\/amberadvocate.org\/es\/wp-json\/wp\/v2\/media?parent=30771"}],"curies":[{"name":"wp","href":"https:\/\/api.w.org\/{rel}","templated":true}]}}

Director de programa, equipos de respuesta a la sustracción de menores

<p><strong>Derek VanLuchene</strong> es director de programa del Programa de capacitación y asistencia técnica de Alerta AMBER (AATTAP) y se centra en el programa de equipos de respuesta a la sustracción de menores (CART) de AATTAP, así como en seguir ampliando el número de programas CART certificados por el Departamento de Justicia de EE. UU., aumentar el número de programas CART capacitados en territorios indígenas y ayudar a los equipos previamente capacitados a mantener la capacidad operativa y la preparación. Derek colabora estrechamente con un talentoso equipo de formadores de CART y con el equipo de certificación CART de AATTAP para evaluar el estado de los programas CART en todo el país. </p>
<p>Derek aporta una perspectiva única a la investigación y la respuesta a las sustracciones de menores. En 1987, cuando Derek tenía 17 años, su hermano Ryan, de 8 años, fue secuestrado y asesinado por un delincuente sexual reincidente. Ryan fue sacado del patio trasero de la familia en una comunidad rural de Montana. Desde entonces, Derek se ha dedicado a cuestiones relacionadas con la gestión de delincuentes sexuales y la respuesta a la sustracción de menores.   </p>
<p>Derek pasó 22 años como agente de la ley de Montana trabajando tanto para el Departamento de Policía de Conrad como para la División de Investigación Criminal de Montana.</p>
<p>Derek ha trabajado como asociado con FVTC y su Centro Nacional de Capacitación en Justicia Penal, así como con el Centro Nacional para Niños Desaparecidos y Explotados, durante más de 15 años y ha impartido numerosos cursos en el programa CART y otros cursos de investigación.</p>
