{"id":38587,"date":"2025-05-02T09:51:41","date_gmt":"2025-05-02T14:51:41","guid":{"rendered":"https:\/\/amberadvocate.org\/public-resource\/reconocimiento-de-las-senales-de-maltrato-infantil\/"},"modified":"2025-11-14T12:10:45","modified_gmt":"2025-11-14T18:10:45","slug":"reconocimiento-de-las-senales-de-maltrato-infantil","status":"publish","type":"public-resource","link":"https:\/\/amberadvocate.org\/es\/public-resource\/reconocimiento-de-las-senales-de-maltrato-infantil\/","title":{"rendered":"RECONOCIMIENTO DE LAS SE\u00d1ALES DE MALTRATO INFANTIL"},"featured_media":35373,"template":"","class_list":["post-38587","public-resource","type-public-resource","status-publish","has-post-thumbnail","hentry","public_resource_categories-familias-comunidad","public_resource_categories-ninos-peligro-explotados-traficados-desaparecidos-secuestrados","public_resource_categories-recursos-investigacion","public_resource_categories-territorio-indigena","public_resource_categories-trata-sexual-infantil-victimas-alto-riesgo"],"meta_box":{"p_resource_featured":"no","p_resource_featured_cart":"no","p_resource_featured_ic":"no","p_resource_excerpt":"Existe una correlaci\u00f3n directa entre el maltrato infantil y los casos de secuestro y explotaci\u00f3n. Este recurso tiene como objetivo proporcionarle las habilidades necesarias para reconocer cu\u00e1ndo un ni\u00f1o est\u00e1 siendo maltratado, pero tambi\u00e9n para inspirarle a explorar m\u00e1s a fondo lo que puede hacer para evitar que esto suceda en su comunidad. ","p_resource_button_group":[{"p_resource_button_title":"Ver\/descargar","p_resource_button_file":["35371"]}]},"publishpress_future_workflow_manual_trigger":{"enabledWorkflows":[]},"_links":{"self":[{"href":"https:\/\/amberadvocate.org\/es\/wp-json\/wp\/v2\/public-resource\/38587","targetHints":{"allow":["GET"]}}],"collection":[{"href":"https:\/\/amberadvocate.org\/es\/wp-json\/wp\/v2\/public-resource"}],"about":[{"href":"https:\/\/amberadvocate.org\/es\/wp-json\/wp\/v2\/types\/public-resource"}],"version-history":[{"count":0,"href":"https:\/\/amberadvocate.org\/es\/wp-json\/wp\/v2\/public-resource\/38587\/revisions"}],"wp:featuredmedia":[{"embeddable":true,"href":"https:\/\/amberadvocate.org\/es\/wp-json\/wp\/v2\/media\/35373"}],"wp:attachment":[{"href":"https:\/\/amberadvocate.org\/es\/wp-json\/wp\/v2\/media?parent=38587"}],"curies":[{"name":"wp","href":"https:\/\/api.w.org\/{rel}","templated":true}]}}

RECONOCIMIENTO DE LAS SEÑALES DE MALTRATO INFANTIL

Existe una correlación directa entre el maltrato infantil y los casos de secuestro y explotación. Este recurso tiene como objetivo proporcionarle las habilidades necesarias para reconocer cuándo un niño está siendo maltratado, pero también para inspirarle a explorar más a fondo lo que puede hacer para evitar que esto suceda en su comunidad.
