{"id":39248,"date":"2025-05-07T07:34:26","date_gmt":"2025-05-07T12:34:26","guid":{"rendered":"https:\/\/amberadvocate.org\/revista\/exclusivas-web\/"},"modified":"2025-05-07T07:34:26","modified_gmt":"2025-05-07T12:34:26","slug":"exclusivas-web","status":"publish","type":"page","link":"https:\/\/amberadvocate.org\/es\/revista\/exclusivas-web\/","title":{"rendered":"Exclusivas web"},"content":{"rendered":"<div id=\"pl-39248\"  class=\"panel-layout\" ><div id=\"pg-39248-0\"  class=\"panel-grid panel-no-style\" ><div id=\"pgc-39248-0-0\"  class=\"panel-grid-cell\" ><div id=\"panel-39248-0-0-0\" class=\"so-panel widget widget_sow-editor panel-first-child panel-last-child\" data-index=\"0\" ><div\n\t\t\t\n\t\t\tclass=\"so-widget-sow-editor so-widget-sow-editor-base\"\n\t\t\t\n\t\t>\n<div class=\"siteorigin-widget-tinymce textwidget\">\n\t<div class=\"facetwp-template\" data-name=\"web_exclusives\">    <div class=\"aa-issue-articles-container\">\n  \n    \n    <div class=\"loop-container\">\n      <div class=\"loop-image-section\"><img decoding=\"async\" src=\"https:\/\/amberadvocate.org\/wp-content\/uploads\/2026\/02\/Ashley-Johnson-Barr-collage_horizontal-300x177.jpg\" alt=\"Carta en amorosa memoria de mi hija, Ashley Johnson-Barr\"><\/div>      <div class=\"loop-container-contents\">\n        <h2 class=\"loop-card-title\">Carta en amorosa memoria de mi hija, Ashley Johnson-Barr<\/h2>\n        <p>El padre de una ni\u00f1a de 10 a\u00f1os que fue secuestrada y asesinada en Alaska escribe una carta abierta para celebrarle lo que deber\u00eda haber sido su 18.\u00ba cumplea\u00f1os.<\/p>        <a href=\"https:\/\/amberadvocate.org\/es\/?articles=carta-en-amorosa-memoria-de-mi-hija-ashley-johnson-barr\" class=\"btn small\">Leer m\u00e1s<\/a>      <\/div>\n    <\/div>\n\n  \n    \n    <div class=\"loop-container\">\n      <div class=\"loop-image-section\"><img decoding=\"async\" src=\"https:\/\/amberadvocate.org\/wp-content\/uploads\/2025\/11\/pamelafosterashlynnemike-300x168.jpg\" alt=\"En honor a mi hermosa hija, Ashlynne Mike, en su 21 cumplea\u00f1os\"><\/div>      <div class=\"loop-container-contents\">\n        <h2 class=\"loop-card-title\">En honor a mi hermosa hija, Ashlynne Mike, en su 21 cumplea\u00f1os<\/h2>\n        <p>Pamela Foster comparte un emotivo homenaje a su hija, Ashlynne Mike.<\/p>        <a href=\"https:\/\/amberadvocate.org\/es\/?articles=en-honor-a-mi-hermosa-hija-ashlynne-mike-en-su-21-cumpleanos\" class=\"btn small\">Leer m\u00e1s<\/a>      <\/div>\n    <\/div>\n\n  \n    \n    <div class=\"loop-container\">\n      <div class=\"loop-image-section\"><img decoding=\"async\" src=\"https:\/\/amberadvocate.org\/wp-content\/uploads\/2025\/08\/1.-PF-July-17-300x251.png\" alt=\"\u201cVoces de la alerta AMBER en territorio ind\u00edgena\u201d\"><\/div>      <div class=\"loop-container-contents\">\n        <h2 class=\"loop-card-title\">\u201cVoces de la alerta AMBER en territorio ind\u00edgena\u201d<\/h2>\n        <p>La iniciativa Alerta AMBER en territorio ind\u00edgena (AIIC) de AATTAP es un puente destinado a superar los obst\u00e1culos para proteger a los ni\u00f1os, y este tema es el n\u00facleo de nuestra serie en curso, \u201cVoces de la alerta AMBER en territorio ind\u00edgena\u201d.<\/p>        <a href=\"https:\/\/amberadvocate.org\/es\/?articles=voces-de-la-alerta-amber-en-territorio-indigena\" class=\"btn small\">Leer m\u00e1s<\/a>      <\/div>\n    <\/div>\n\n  \n    \n    <div class=\"loop-container\">\n      <div class=\"loop-image-section\"><img decoding=\"async\" src=\"https:\/\/amberadvocate.org\/wp-content\/uploads\/2025\/05\/MCD-cover-300x262.png\" alt=\"V\u00eddeo del D\u00eda de los Ni\u00f1os Desaparecidos de 2025: &#8216;Nunca se rinda&#8217;\"><\/div>      <div class=\"loop-container-contents\">\n        <h2 class=\"loop-card-title\">V\u00eddeo del D\u00eda de los Ni\u00f1os Desaparecidos de 2025: &#8216;Nunca se rinda&#8217;<\/h2>\n        <p>D\u00eda de los Ni\u00f1os Desaparecidos de 2025: El AATTAP y el NCJTC se mantienen firmes con sus asociados y otras personas que buscan a familiares desaparecidos.<\/p>        <a href=\"https:\/\/amberadvocate.org\/es\/?articles=video-del-dia-de-los-ninos-desaparecidos-de-2025-nunca-se-rinda\" class=\"btn small\">Leer m\u00e1s<\/a>      <\/div>\n    <\/div>\n\n  \n    \n    <div class=\"loop-container\">\n      <div class=\"loop-image-section\"><img decoding=\"async\" src=\"https:\/\/amberadvocate.org\/wp-content\/uploads\/2025\/05\/Jen-Murphy-300x200.png\" alt=\"Afrontar la crisis de PMIM\/MMIM a trav\u00e9s del apoyo\"><\/div>      <div class=\"loop-container-contents\">\n        <h2 class=\"loop-card-title\">Afrontar la crisis de PMIM\/MMIM a trav\u00e9s del apoyo<\/h2>\n        <p>\u201cCada voz importa\u201d en la b\u00fasqueda de personas ind\u00edgenas desaparecidas y asesinadas, y esto sustenta el trabajo del programa Ashlynne Mike AMBER Alert en territorio ind\u00edgena. La iniciativa ayuda a las fuerzas del orden tribales y no tribales a encontrar r\u00e1pidamente a los ni\u00f1os desaparecidos y a buscar justicia para cualquier vida preciosa da\u00f1ada. <\/p>        <a href=\"https:\/\/amberadvocate.org\/es\/?articles=afrontar-la-crisis-de-pmim-mmim-a-traves-del-apoyo\" class=\"btn small\">Leer m\u00e1s<\/a>      <\/div>\n    <\/div>\n\n  \n    \n    <div class=\"loop-container\">\n      <div class=\"loop-image-section\"><img decoding=\"async\" src=\"https:\/\/amberadvocate.org\/wp-content\/uploads\/2025\/04\/Pamela-and-Ashlynne-copy-300x199.png\" alt=\"El legado de Ashlynne Mike: Alerta AMBER en territorio ind\u00edgena\"><\/div>      <div class=\"loop-container-contents\">\n        <h2 class=\"loop-card-title\">El legado de Ashlynne Mike: Alerta AMBER en territorio ind\u00edgena<\/h2>\n        <p>La madre de Ashlynne Mike, Pamela Foster, defendi\u00f3 la necesidad de las alertas AMBER en territorio ind\u00edgena durante el Simposio de 2025. Su impactante presentaci\u00f3n fue un regalo, en muchos sentidos. <\/p>        <a href=\"https:\/\/amberadvocate.org\/es\/?articles=el-legado-de-ashlynne-mike-alerta-amber-en-territorio-indigena\" class=\"btn small\">Leer m\u00e1s<\/a>      <\/div>\n    <\/div>\n\n  \n    \n    <div class=\"loop-container\">\n      <div class=\"loop-image-section\"><img decoding=\"async\" src=\"https:\/\/amberadvocate.org\/wp-content\/uploads\/2025\/03\/1.-Noelle-Muna-blue-dg_1-e1743905929218-278x300.png\" alt=\"Padre superviviente de IPCA: &#8216;todos los secuestros son locales&#8217;\"><\/div>      <div class=\"loop-container-contents\">\n        <h2 class=\"loop-card-title\">Padre superviviente de IPCA: &#8216;todos los secuestros son locales&#8217;<\/h2>\n        <p>Una madre cuya hija fue llevada ilegalmente a \u00c1frica Occidental quiere que las fuerzas del orden comprendan las complejidades de la sustracci\u00f3n internacional de menores por parte de uno de los progenitores (IPCA) y los esfuerzos proactivos necesarios para detenerla en seco.<\/p>        <a href=\"https:\/\/amberadvocate.org\/es\/?articles=padre-superviviente-de-ipca-todos-los-secuestros-son-locales\" class=\"btn small\">Leer m\u00e1s<\/a>      <\/div>\n    <\/div>\n\n  \n    \n    <div class=\"loop-container\">\n      <div class=\"loop-image-section\"><img decoding=\"async\" src=\"https:\/\/amberadvocate.org\/wp-content\/uploads\/2024\/11\/3.-AATTAP-team-300x164.png\" alt=\"CART on Camera en el condado de Burlington, Nueva Jersey\"><\/div>      <div class=\"loop-container-contents\">\n        <h2 class=\"loop-card-title\">CART on Camera en el condado de Burlington, Nueva Jersey<\/h2>\n        <p>Casi 100 miembros de las fuerzas del orden se unieron a un ejercicio de formaci\u00f3n CART a gran escala \"para mejorar sus conocimientos sobre c\u00f3mo tratar los casos que afectan a nuestras poblaciones m\u00e1s vulnerables\", dijo la fiscal del condado de Burlington, LaChia Bradshaw.<\/p>        <a href=\"https:\/\/amberadvocate.org\/es\/?articles=cart-on-camera-en-el-condado-de-burlington-nueva-jersey\" class=\"btn small\">Leer m\u00e1s<\/a>      <\/div>\n    <\/div>\n\n    <\/div><!-- aa-issue-articles-container -->\n\n\n\n<\/div>\n<div class=\"facetwp-facet facetwp-facet-partner_pagination facetwp-type-pager\" data-name=\"partner_pagination\" data-type=\"pager\"><\/div>\n<\/div>\n<\/div><\/div><\/div><\/div><\/div>","protected":false},"excerpt":{"rendered":"<p>Carta en amorosa memoria de mi hija, Ashley Johnson-Barr El padre de una ni\u00f1a de 10 a\u00f1os que fue secuestrada y asesinada en Alaska escribe una carta abierta para celebrarle lo que deber\u00eda haber sido su 18.\u00ba cumplea\u00f1os. Leer m\u00e1s En honor a mi hermosa hija, Ashlynne Mike, en su 21 cumplea\u00f1os Pamela Foster comparte [&hellip;]<\/p>\n","protected":false},"author":10,"featured_media":24169,"parent":30333,"menu_order":0,"comment_status":"closed","ping_status":"closed","template":"","meta":{"_bbp_topic_count":0,"_bbp_reply_count":0,"_bbp_total_topic_count":0,"_bbp_total_reply_count":0,"_bbp_voice_count":0,"_bbp_anonymous_reply_count":0,"_bbp_topic_count_hidden":0,"_bbp_reply_count_hidden":0,"_bbp_forum_subforum_count":0,"_analytify_skip_tracking":false,"footnotes":""},"class_list":["post-39248","page","type-page","status-publish","has-post-thumbnail","hentry"],"meta_box":{"aa_theme_enable_blocks_editor":"","aa_theme_featured_img_position":""},"publishpress_future_workflow_manual_trigger":{"enabledWorkflows":[]},"_links":{"self":[{"href":"https:\/\/amberadvocate.org\/es\/wp-json\/wp\/v2\/pages\/39248","targetHints":{"allow":["GET"]}}],"collection":[{"href":"https:\/\/amberadvocate.org\/es\/wp-json\/wp\/v2\/pages"}],"about":[{"href":"https:\/\/amberadvocate.org\/es\/wp-json\/wp\/v2\/types\/page"}],"author":[{"embeddable":true,"href":"https:\/\/amberadvocate.org\/es\/wp-json\/wp\/v2\/users\/10"}],"replies":[{"embeddable":true,"href":"https:\/\/amberadvocate.org\/es\/wp-json\/wp\/v2\/comments?post=39248"}],"version-history":[{"count":0,"href":"https:\/\/amberadvocate.org\/es\/wp-json\/wp\/v2\/pages\/39248\/revisions"}],"up":[{"embeddable":true,"href":"https:\/\/amberadvocate.org\/es\/wp-json\/wp\/v2\/pages\/30333"}],"wp:featuredmedia":[{"embeddable":true,"href":"https:\/\/amberadvocate.org\/es\/wp-json\/wp\/v2\/media\/24169"}],"wp:attachment":[{"href":"https:\/\/amberadvocate.org\/es\/wp-json\/wp\/v2\/media?parent=39248"}],"curies":[{"name":"wp","href":"https:\/\/api.w.org\/{rel}","templated":true}]}}

<div id="pl-39248"  class="panel-layout" ><div id="pg-39248-0"  class="panel-grid panel-no-style" ><div id="pgc-39248-0-0"  class="panel-grid-cell" ><div id="panel-39248-0-0-0" class="so-panel widget widget_sow-editor panel-first-child panel-last-child" data-index="0" ><div
			
			class="so-widget-sow-editor so-widget-sow-editor-base"
			
		>
<div class="siteorigin-widget-tinymce textwidget">
	<div class="facetwp-template" data-name="web_exclusives">    <div class="aa-issue-articles-container">
  
    
    <div class="loop-container">
      <div class="loop-image-section"><img decoding="async" src="https://amberadvocate.org/wp-content/uploads/2026/02/Ashley-Johnson-Barr-collage_horizontal-300x177.jpg" alt="Carta en amorosa memoria de mi hija, Ashley Johnson-Barr"></div>      <div class="loop-container-contents">
        <h2 class="loop-card-title">Carta en amorosa memoria de mi hija, Ashley Johnson-Barr</h2>
        <p>El padre de una niña de 10 años que fue secuestrada y asesinada en Alaska escribe una carta abierta para celebrarle lo que debería haber sido su 18.º cumpleaños.</p>        <a href="https://amberadvocate.org/es/?articles=carta-en-amorosa-memoria-de-mi-hija-ashley-johnson-barr" class="btn small">Leer más</a>      </div>
    </div>

  
    
    <div class="loop-container">
      <div class="loop-image-section"><img decoding="async" src="https://amberadvocate.org/wp-content/uploads/2025/11/pamelafosterashlynnemike-300x168.jpg" alt="En honor a mi hermosa hija, Ashlynne Mike, en su 21 cumpleaños"></div>      <div class="loop-container-contents">
        <h2 class="loop-card-title">En honor a mi hermosa hija, Ashlynne Mike, en su 21 cumpleaños</h2>
        <p>Pamela Foster comparte un emotivo homenaje a su hija, Ashlynne Mike.</p>        <a href="https://amberadvocate.org/es/?articles=en-honor-a-mi-hermosa-hija-ashlynne-mike-en-su-21-cumpleanos" class="btn small">Leer más</a>      </div>
    </div>

  
    
    <div class="loop-container">
      <div class="loop-image-section"><img decoding="async" src="https://amberadvocate.org/wp-content/uploads/2025/08/1.-PF-July-17-300x251.png" alt="“Voces de la alerta AMBER en territorio indígena”"></div>      <div class="loop-container-contents">
        <h2 class="loop-card-title">“Voces de la alerta AMBER en territorio indígena”</h2>
        <p>La iniciativa Alerta AMBER en territorio indígena (AIIC) de AATTAP es un puente destinado a superar los obstáculos para proteger a los niños, y este tema es el núcleo de nuestra serie en curso, “Voces de la alerta AMBER en territorio indígena”.</p>        <a href="https://amberadvocate.org/es/?articles=voces-de-la-alerta-amber-en-territorio-indigena" class="btn small">Leer más</a>      </div>
    </div>

  
    
    <div class="loop-container">
      <div class="loop-image-section"><img decoding="async" src="https://amberadvocate.org/wp-content/uploads/2025/05/MCD-cover-300x262.png" alt="Vídeo del Día de los Niños Desaparecidos de 2025: &#8216;Nunca se rinda&#8217;"></div>      <div class="loop-container-contents">
        <h2 class="loop-card-title">Vídeo del Día de los Niños Desaparecidos de 2025: &#8216;Nunca se rinda&#8217;</h2>
        <p>Día de los Niños Desaparecidos de 2025: El AATTAP y el NCJTC se mantienen firmes con sus asociados y otras personas que buscan a familiares desaparecidos.</p>        <a href="https://amberadvocate.org/es/?articles=video-del-dia-de-los-ninos-desaparecidos-de-2025-nunca-se-rinda" class="btn small">Leer más</a>      </div>
    </div>

  
    
    <div class="loop-container">
      <div class="loop-image-section"><img decoding="async" src="https://amberadvocate.org/wp-content/uploads/2025/05/Jen-Murphy-300x200.png" alt="Afrontar la crisis de PMIM/MMIM a través del apoyo"></div>      <div class="loop-container-contents">
        <h2 class="loop-card-title">Afrontar la crisis de PMIM/MMIM a través del apoyo</h2>
        <p>“Cada voz importa” en la búsqueda de personas indígenas desaparecidas y asesinadas, y esto sustenta el trabajo del programa Ashlynne Mike AMBER Alert en territorio indígena. La iniciativa ayuda a las fuerzas del orden tribales y no tribales a encontrar rápidamente a los niños desaparecidos y a buscar justicia para cualquier vida preciosa dañada. </p>        <a href="https://amberadvocate.org/es/?articles=afrontar-la-crisis-de-pmim-mmim-a-traves-del-apoyo" class="btn small">Leer más</a>      </div>
    </div>

  
    
    <div class="loop-container">
      <div class="loop-image-section"><img decoding="async" src="https://amberadvocate.org/wp-content/uploads/2025/04/Pamela-and-Ashlynne-copy-300x199.png" alt="El legado de Ashlynne Mike: Alerta AMBER en territorio indígena"></div>      <div class="loop-container-contents">
        <h2 class="loop-card-title">El legado de Ashlynne Mike: Alerta AMBER en territorio indígena</h2>
        <p>La madre de Ashlynne Mike, Pamela Foster, defendió la necesidad de las alertas AMBER en territorio indígena durante el Simposio de 2025. Su impactante presentación fue un regalo, en muchos sentidos. </p>        <a href="https://amberadvocate.org/es/?articles=el-legado-de-ashlynne-mike-alerta-amber-en-territorio-indigena" class="btn small">Leer más</a>      </div>
    </div>

  
    
    <div class="loop-container">
      <div class="loop-image-section"><img decoding="async" src="https://amberadvocate.org/wp-content/uploads/2025/03/1.-Noelle-Muna-blue-dg_1-e1743905929218-278x300.png" alt="Padre superviviente de IPCA: &#8216;todos los secuestros son locales&#8217;"></div>      <div class="loop-container-contents">
        <h2 class="loop-card-title">Padre superviviente de IPCA: &#8216;todos los secuestros son locales&#8217;</h2>
        <p>Una madre cuya hija fue llevada ilegalmente a África Occidental quiere que las fuerzas del orden comprendan las complejidades de la sustracción internacional de menores por parte de uno de los progenitores (IPCA) y los esfuerzos proactivos necesarios para detenerla en seco.</p>        <a href="https://amberadvocate.org/es/?articles=padre-superviviente-de-ipca-todos-los-secuestros-son-locales" class="btn small">Leer más</a>      </div>
    </div>

  
    
    <div class="loop-container">
      <div class="loop-image-section"><img decoding="async" src="https://amberadvocate.org/wp-content/uploads/2024/11/3.-AATTAP-team-300x164.png" alt="CART on Camera en el condado de Burlington, Nueva Jersey"></div>      <div class="loop-container-contents">
        <h2 class="loop-card-title">CART on Camera en el condado de Burlington, Nueva Jersey</h2>
        <p>Casi 100 miembros de las fuerzas del orden se unieron a un ejercicio de formación CART a gran escala "para mejorar sus conocimientos sobre cómo tratar los casos que afectan a nuestras poblaciones más vulnerables", dijo la fiscal del condado de Burlington, LaChia Bradshaw.</p>        <a href="https://amberadvocate.org/es/?articles=cart-on-camera-en-el-condado-de-burlington-nueva-jersey" class="btn small">Leer más</a>      </div>
    </div>

    </div><!-- aa-issue-articles-container -->



</div>
<div class="facetwp-facet facetwp-facet-partner_pagination facetwp-type-pager" data-name="partner_pagination" data-type="pager"></div>
</div>
</div></div></div></div></div>

<p>Carta en amorosa memoria de mi hija, Ashley Johnson-Barr El padre de una niña de 10 años que fue secuestrada y asesinada en Alaska escribe una carta abierta para celebrarle lo que debería haber sido su 18.º cumpleaños. Leer más En honor a mi hermosa hija, Ashlynne Mike, en su 21 cumpleaños Pamela Foster comparte [&hellip;]</p>
