{"id":39104,"date":"2025-04-25T10:45:03","date_gmt":"2025-04-25T15:45:03","guid":{"rendered":"https:\/\/amberadvocate.org\/aiic\/alerta-amber-en-las-noticias-del-pais-indio\/"},"modified":"2026-01-26T18:40:46","modified_gmt":"2026-01-27T00:40:46","slug":"alerta-amber-en-las-noticias-del-pais-indio","status":"publish","type":"page","link":"https:\/\/amberadvocate.org\/es\/alerta-amber-en-el-pais-indio\/alerta-amber-en-las-noticias-del-pais-indio\/","title":{"rendered":"Alerta AMBER en las noticias del Pa\u00eds Indio"},"content":{"rendered":"<div id=\"pl-39104\"  class=\"panel-layout\" ><div id=\"pg-39104-0\"  class=\"panel-grid panel-no-style\" ><div id=\"pgc-39104-0-0\"  class=\"panel-grid-cell\" ><div id=\"panel-39104-0-0-0\" class=\"so-panel widget widget_sow-editor panel-first-child panel-last-child\" data-index=\"0\" ><div\n\t\t\t\n\t\t\tclass=\"so-widget-sow-editor so-widget-sow-editor-base\"\n\t\t\t\n\t\t>\n<div class=\"siteorigin-widget-tinymce textwidget\">\n\t<div class=\"facetwp-template\" data-name=\"aiic_news\">    <div class=\"aa-issue-articles-container\">\n  \n    \n    <div class=\"loop-container\">\n      <div class=\"loop-image-section\"><img decoding=\"async\" src=\"https:\/\/amberadvocate.org\/wp-content\/uploads\/2026\/03\/Ashley-Johnson-Barr-and-gravesite-300x190.jpg\" alt=\"Un legado m\u00e1s all\u00e1 de la p\u00e9rdida\"><\/div>      <div class=\"loop-container-contents\">\n        <h2 class=\"loop-card-title\">Un legado m\u00e1s all\u00e1 de la p\u00e9rdida<\/h2>\n        <p>Las vastas distancias, el clima riguroso y las complejas l\u00edneas jurisdiccionales complican la b\u00fasqueda de justicia para los MMIP en Alaska, mientras un padre en duelo lucha para asegurar que cada vida sea vista y escuchada.<\/p>        <a href=\"https:\/\/amberadvocate.org\/es\/?articles=un-legado-mas-alla-de-la-perdida\" class=\"btn small\">Leer m\u00e1s<\/a>      <\/div>\n    <\/div>\n\n  \n    \n    <div class=\"loop-container\">\n      <div class=\"loop-image-section\"><img decoding=\"async\" src=\"https:\/\/amberadvocate.org\/wp-content\/uploads\/2026\/02\/Ashley-Johnson-Barr-collage_horizontal-300x177.jpg\" alt=\"Carta en amorosa memoria de mi hija, Ashley Johnson-Barr\"><\/div>      <div class=\"loop-container-contents\">\n        <h2 class=\"loop-card-title\">Carta en amorosa memoria de mi hija, Ashley Johnson-Barr<\/h2>\n        <p>El padre de una ni\u00f1a de 10 a\u00f1os que fue secuestrada y asesinada en Alaska escribe una carta abierta para celebrarle lo que deber\u00eda haber sido su 18.\u00ba cumplea\u00f1os.<\/p>        <a href=\"https:\/\/amberadvocate.org\/es\/?articles=carta-en-amorosa-memoria-de-mi-hija-ashley-johnson-barr\" class=\"btn small\">Leer m\u00e1s<\/a>      <\/div>\n    <\/div>\n\n  \n    \n    <div class=\"loop-container\">\n      <div class=\"loop-image-section\"><img decoding=\"async\" src=\"https:\/\/amberadvocate.org\/wp-content\/uploads\/2025\/12\/AMBER-collage-300x194.png\" alt=\"Detectives del caso, pasados y presentes: Amber Hagerman &#8216;No muri\u00f3 en vano&#8217; y &#8216;Nuestro objetivo es obtener justicia&#8217;\"><\/div>      <div class=\"loop-container-contents\">\n        <h2 class=\"loop-card-title\">Detectives del caso, pasados y presentes: Amber Hagerman &#8216;No muri\u00f3 en vano&#8217; y &#8216;Nuestro objetivo es obtener justicia&#8217;<\/h2>\n        <p>Tres d\u00e9cadas despu\u00e9s de que el secuestro de Amber Hagerman en 1996 inspirara la Alerta AMBER\n, su caso sigue sin resolverse. Hablamos con los principales investigadores, pasados y presentes, sobre la implacable b\u00fasqueda de justicia. <\/p>        <a href=\"https:\/\/amberadvocate.org\/es\/?articles=detectives-del-caso-pasados-y-presentes-amber-hagerman-no-murio-en-vano-y-nuestro-objetivo-es-obtener-justicia\" class=\"btn small\">Leer m\u00e1s<\/a>      <\/div>\n    <\/div>\n\n  \n    \n    <div class=\"loop-container\">\n      <div class=\"loop-image-section\"><img decoding=\"async\" src=\"https:\/\/amberadvocate.org\/wp-content\/uploads\/2025\/10\/AMBER-Alert-TikTok-300x244.jpg\" alt=\"El legado de Amber: Cronolog\u00eda\"><\/div>      <div class=\"loop-container-contents\">\n        <h2 class=\"loop-card-title\">El legado de Amber: Cronolog\u00eda<\/h2>\n        <p>El programa AMBER Alert moviliza a las comunidades para encontrar a ni\u00f1os secuestrados. Al difundir detalles urgentes a trav\u00e9s de la televisi\u00f3n, la radio, las se\u00f1ales de las autopistas y los tel\u00e9fonos m\u00f3viles, el sistema aprovecha el poder p\u00fablico para traerlos a casa de forma segura. Miles de ni\u00f1os han sido rescatados gracias a este sistema. Esta cronolog\u00eda destaca los acontecimientos significativos de las \u00faltimas tres d\u00e9cadas.   <\/p>        <a href=\"https:\/\/amberadvocate.org\/es\/?articles=el-legado-de-amber-cronologia\" class=\"btn small\">Leer m\u00e1s<\/a>      <\/div>\n    <\/div>\n\n  \n    \n    <div class=\"loop-container\">\n      <div class=\"loop-image-section\"><img decoding=\"async\" src=\"https:\/\/amberadvocate.org\/wp-content\/uploads\/2025\/11\/Amber-Hagerman-with-brother-Ricky-300x228.jpeg\" alt=\"Lecciones generales del caso de Amber Hagerman\"><\/div>      <div class=\"loop-container-contents\">\n        <h2 class=\"loop-card-title\">Lecciones generales del caso de Amber Hagerman<\/h2>\n        <p>Treinta a\u00f1os despu\u00e9s de su secuestro y asesinato, el \nlegado de Amber Hagerman es el sistema de Alerta AMBER, que ha salvado miles de vidas j\u00f3venes gracias a la planificaci\u00f3n anticipada, el trabajo en equipo, el uso de recursos, la participaci\u00f3n de los medios de comunicaci\u00f3n y m\u00e1s de los organismos encargados de hacer cumplir la ley.<\/p>        <a href=\"https:\/\/amberadvocate.org\/es\/?articles=lecciones-generales-del-caso-de-amber-hagerman\" class=\"btn small\">Leer m\u00e1s<\/a>      <\/div>\n    <\/div>\n\n  \n    \n    <div class=\"loop-container\">\n      <div class=\"loop-image-section\"><img decoding=\"async\" src=\"https:\/\/amberadvocate.org\/wp-content\/uploads\/2025\/11\/pamelafosterashlynnemike-300x168.jpg\" alt=\"En honor a mi hermosa hija, Ashlynne Mike, en su 21 cumplea\u00f1os\"><\/div>      <div class=\"loop-container-contents\">\n        <h2 class=\"loop-card-title\">En honor a mi hermosa hija, Ashlynne Mike, en su 21 cumplea\u00f1os<\/h2>\n        <p>Pamela Foster comparte un emotivo homenaje a su hija, Ashlynne Mike.<\/p>        <a href=\"https:\/\/amberadvocate.org\/es\/?articles=en-honor-a-mi-hermosa-hija-ashlynne-mike-en-su-21-cumpleanos\" class=\"btn small\">Leer m\u00e1s<\/a>      <\/div>\n    <\/div>\n\n  \n    \n    <div class=\"loop-container\">\n      <div class=\"loop-image-section\"><img decoding=\"async\" src=\"https:\/\/amberadvocate.org\/wp-content\/uploads\/2025\/08\/1.-PF-July-17-300x251.png\" alt=\"\u201cVoces de la alerta AMBER en territorio ind\u00edgena\u201d\"><\/div>      <div class=\"loop-container-contents\">\n        <h2 class=\"loop-card-title\">\u201cVoces de la alerta AMBER en territorio ind\u00edgena\u201d<\/h2>\n        <p>La iniciativa Alerta AMBER en territorio ind\u00edgena (AIIC) de AATTAP es un puente destinado a superar los obst\u00e1culos para proteger a los ni\u00f1os, y este tema es el n\u00facleo de nuestra serie en curso, \u201cVoces de la alerta AMBER en territorio ind\u00edgena\u201d.<\/p>        <a href=\"https:\/\/amberadvocate.org\/es\/?articles=voces-de-la-alerta-amber-en-territorio-indigena\" class=\"btn small\">Leer m\u00e1s<\/a>      <\/div>\n    <\/div>\n\n  \n    \n    <div class=\"loop-container\">\n      <div class=\"loop-image-section\"><img decoding=\"async\" src=\"https:\/\/amberadvocate.org\/wp-content\/uploads\/2025\/08\/JR-featured-image-300x225.png\" alt=\"Alerta AMBER en territorio indio: en el punto de mira\"><\/div>      <div class=\"loop-container-contents\">\n        <h2 class=\"loop-card-title\">Alerta AMBER en territorio indio: en el punto de mira<\/h2>\n        <p>Ayuda, unidad y esperanza: Un nuevo proyecto de v\u00eddeo sobre la alerta AMBER en territorio indio cuenta con l\u00edderes de protecci\u00f3n infantil de tribus estadounidenses que solicitan una mayor formaci\u00f3n y colaboraci\u00f3n para ayudar a salvar vidas.<\/p>        <a href=\"https:\/\/amberadvocate.org\/es\/?articles=alerta-amber-en-territorio-indio-en-el-punto-de-mira\" class=\"btn small\">Leer m\u00e1s<\/a>      <\/div>\n    <\/div>\n\n  \n    \n    <div class=\"loop-container\">\n      <div class=\"loop-image-section\"><img decoding=\"async\" src=\"https:\/\/amberadvocate.org\/wp-content\/uploads\/2025\/05\/Jen-Murphy-300x200.png\" alt=\"Afrontar la crisis de PMIM\/MMIM a trav\u00e9s del apoyo\"><\/div>      <div class=\"loop-container-contents\">\n        <h2 class=\"loop-card-title\">Afrontar la crisis de PMIM\/MMIM a trav\u00e9s del apoyo<\/h2>\n        <p>\u201cCada voz importa\u201d en la b\u00fasqueda de personas ind\u00edgenas desaparecidas y asesinadas, y esto sustenta el trabajo del programa Ashlynne Mike AMBER Alert en territorio ind\u00edgena. La iniciativa ayuda a las fuerzas del orden tribales y no tribales a encontrar r\u00e1pidamente a los ni\u00f1os desaparecidos y a buscar justicia para cualquier vida preciosa da\u00f1ada. <\/p>        <a href=\"https:\/\/amberadvocate.org\/es\/?articles=afrontar-la-crisis-de-pmim-mmim-a-traves-del-apoyo\" class=\"btn small\">Leer m\u00e1s<\/a>      <\/div>\n    <\/div>\n\n  \n    \n    <div class=\"loop-container\">\n      <div class=\"loop-image-section\"><img decoding=\"async\" src=\"https:\/\/amberadvocate.org\/wp-content\/uploads\/2025\/04\/Pamela-and-Ashlynne-copy-300x199.png\" alt=\"El legado de Ashlynne Mike: Alerta AMBER en territorio ind\u00edgena\"><\/div>      <div class=\"loop-container-contents\">\n        <h2 class=\"loop-card-title\">El legado de Ashlynne Mike: Alerta AMBER en territorio ind\u00edgena<\/h2>\n        <p>La madre de Ashlynne Mike, Pamela Foster, defendi\u00f3 la necesidad de las alertas AMBER en territorio ind\u00edgena durante el Simposio de 2025. Su impactante presentaci\u00f3n fue un regalo, en muchos sentidos. <\/p>        <a href=\"https:\/\/amberadvocate.org\/es\/?articles=el-legado-de-ashlynne-mike-alerta-amber-en-territorio-indigena\" class=\"btn small\">Leer m\u00e1s<\/a>      <\/div>\n    <\/div>\n\n    <\/div><!-- aa-issue-articles-container -->\n\n\n\n<\/div>\n<div class=\"facetwp-facet facetwp-facet-partner_pagination facetwp-type-pager\" data-name=\"partner_pagination\" data-type=\"pager\"><\/div>\n<\/div>\n<\/div><\/div><\/div><\/div><\/div>","protected":false},"excerpt":{"rendered":"<p>Un legado m\u00e1s all\u00e1 de la p\u00e9rdida Las vastas distancias, el clima riguroso y las complejas l\u00edneas jurisdiccionales complican la b\u00fasqueda de justicia para los MMIP en Alaska, mientras un padre en duelo lucha para asegurar que cada vida sea vista y escuchada. Leer m\u00e1s Carta en amorosa memoria de mi hija, Ashley Johnson-Barr El [&hellip;]<\/p>\n","protected":false},"author":10,"featured_media":24169,"parent":39105,"menu_order":0,"comment_status":"closed","ping_status":"closed","template":"","meta":{"_bbp_topic_count":0,"_bbp_reply_count":0,"_bbp_total_topic_count":0,"_bbp_total_reply_count":0,"_bbp_voice_count":0,"_bbp_anonymous_reply_count":0,"_bbp_topic_count_hidden":0,"_bbp_reply_count_hidden":0,"_bbp_forum_subforum_count":0,"_analytify_skip_tracking":false,"footnotes":""},"class_list":["post-39104","page","type-page","status-publish","has-post-thumbnail","hentry"],"meta_box":{"aa_theme_enable_blocks_editor":"","aa_theme_featured_img_position":""},"publishpress_future_workflow_manual_trigger":{"enabledWorkflows":[]},"_links":{"self":[{"href":"https:\/\/amberadvocate.org\/es\/wp-json\/wp\/v2\/pages\/39104","targetHints":{"allow":["GET"]}}],"collection":[{"href":"https:\/\/amberadvocate.org\/es\/wp-json\/wp\/v2\/pages"}],"about":[{"href":"https:\/\/amberadvocate.org\/es\/wp-json\/wp\/v2\/types\/page"}],"author":[{"embeddable":true,"href":"https:\/\/amberadvocate.org\/es\/wp-json\/wp\/v2\/users\/10"}],"replies":[{"embeddable":true,"href":"https:\/\/amberadvocate.org\/es\/wp-json\/wp\/v2\/comments?post=39104"}],"version-history":[{"count":0,"href":"https:\/\/amberadvocate.org\/es\/wp-json\/wp\/v2\/pages\/39104\/revisions"}],"up":[{"embeddable":true,"href":"https:\/\/amberadvocate.org\/es\/wp-json\/wp\/v2\/pages\/39105"}],"wp:featuredmedia":[{"embeddable":true,"href":"https:\/\/amberadvocate.org\/es\/wp-json\/wp\/v2\/media\/24169"}],"wp:attachment":[{"href":"https:\/\/amberadvocate.org\/es\/wp-json\/wp\/v2\/media?parent=39104"}],"curies":[{"name":"wp","href":"https:\/\/api.w.org\/{rel}","templated":true}]}}

Alerta AMBER en las noticias del País Indio

<div id="pl-39104"  class="panel-layout" ><div id="pg-39104-0"  class="panel-grid panel-no-style" ><div id="pgc-39104-0-0"  class="panel-grid-cell" ><div id="panel-39104-0-0-0" class="so-panel widget widget_sow-editor panel-first-child panel-last-child" data-index="0" ><div
			
			class="so-widget-sow-editor so-widget-sow-editor-base"
			
		>
<div class="siteorigin-widget-tinymce textwidget">
	<div class="facetwp-template" data-name="aiic_news">    <div class="aa-issue-articles-container">
  
    
    <div class="loop-container">
      <div class="loop-image-section"><img decoding="async" src="https://amberadvocate.org/wp-content/uploads/2026/03/Ashley-Johnson-Barr-and-gravesite-300x190.jpg" alt="Un legado más allá de la pérdida"></div>      <div class="loop-container-contents">
        <h2 class="loop-card-title">Un legado más allá de la pérdida</h2>
        <p>Las vastas distancias, el clima riguroso y las complejas líneas jurisdiccionales complican la búsqueda de justicia para los MMIP en Alaska, mientras un padre en duelo lucha para asegurar que cada vida sea vista y escuchada.</p>        <a href="https://amberadvocate.org/es/?articles=un-legado-mas-alla-de-la-perdida" class="btn small">Leer más</a>      </div>
    </div>

  
    
    <div class="loop-container">
      <div class="loop-image-section"><img decoding="async" src="https://amberadvocate.org/wp-content/uploads/2026/02/Ashley-Johnson-Barr-collage_horizontal-300x177.jpg" alt="Carta en amorosa memoria de mi hija, Ashley Johnson-Barr"></div>      <div class="loop-container-contents">
        <h2 class="loop-card-title">Carta en amorosa memoria de mi hija, Ashley Johnson-Barr</h2>
        <p>El padre de una niña de 10 años que fue secuestrada y asesinada en Alaska escribe una carta abierta para celebrarle lo que debería haber sido su 18.º cumpleaños.</p>        <a href="https://amberadvocate.org/es/?articles=carta-en-amorosa-memoria-de-mi-hija-ashley-johnson-barr" class="btn small">Leer más</a>      </div>
    </div>

  
    
    <div class="loop-container">
      <div class="loop-image-section"><img decoding="async" src="https://amberadvocate.org/wp-content/uploads/2025/12/AMBER-collage-300x194.png" alt="Detectives del caso, pasados y presentes: Amber Hagerman &#8216;No murió en vano&#8217; y &#8216;Nuestro objetivo es obtener justicia&#8217;"></div>      <div class="loop-container-contents">
        <h2 class="loop-card-title">Detectives del caso, pasados y presentes: Amber Hagerman &#8216;No murió en vano&#8217; y &#8216;Nuestro objetivo es obtener justicia&#8217;</h2>
        <p>Tres décadas después de que el secuestro de Amber Hagerman en 1996 inspirara la Alerta AMBER
, su caso sigue sin resolverse. Hablamos con los principales investigadores, pasados y presentes, sobre la implacable búsqueda de justicia. </p>        <a href="https://amberadvocate.org/es/?articles=detectives-del-caso-pasados-y-presentes-amber-hagerman-no-murio-en-vano-y-nuestro-objetivo-es-obtener-justicia" class="btn small">Leer más</a>      </div>
    </div>

  
    
    <div class="loop-container">
      <div class="loop-image-section"><img decoding="async" src="https://amberadvocate.org/wp-content/uploads/2025/10/AMBER-Alert-TikTok-300x244.jpg" alt="El legado de Amber: Cronología"></div>      <div class="loop-container-contents">
        <h2 class="loop-card-title">El legado de Amber: Cronología</h2>
        <p>El programa AMBER Alert moviliza a las comunidades para encontrar a niños secuestrados. Al difundir detalles urgentes a través de la televisión, la radio, las señales de las autopistas y los teléfonos móviles, el sistema aprovecha el poder público para traerlos a casa de forma segura. Miles de niños han sido rescatados gracias a este sistema. Esta cronología destaca los acontecimientos significativos de las últimas tres décadas.   </p>        <a href="https://amberadvocate.org/es/?articles=el-legado-de-amber-cronologia" class="btn small">Leer más</a>      </div>
    </div>

  
    
    <div class="loop-container">
      <div class="loop-image-section"><img decoding="async" src="https://amberadvocate.org/wp-content/uploads/2025/11/Amber-Hagerman-with-brother-Ricky-300x228.jpeg" alt="Lecciones generales del caso de Amber Hagerman"></div>      <div class="loop-container-contents">
        <h2 class="loop-card-title">Lecciones generales del caso de Amber Hagerman</h2>
        <p>Treinta años después de su secuestro y asesinato, el 
legado de Amber Hagerman es el sistema de Alerta AMBER, que ha salvado miles de vidas jóvenes gracias a la planificación anticipada, el trabajo en equipo, el uso de recursos, la participación de los medios de comunicación y más de los organismos encargados de hacer cumplir la ley.</p>        <a href="https://amberadvocate.org/es/?articles=lecciones-generales-del-caso-de-amber-hagerman" class="btn small">Leer más</a>      </div>
    </div>

  
    
    <div class="loop-container">
      <div class="loop-image-section"><img decoding="async" src="https://amberadvocate.org/wp-content/uploads/2025/11/pamelafosterashlynnemike-300x168.jpg" alt="En honor a mi hermosa hija, Ashlynne Mike, en su 21 cumpleaños"></div>      <div class="loop-container-contents">
        <h2 class="loop-card-title">En honor a mi hermosa hija, Ashlynne Mike, en su 21 cumpleaños</h2>
        <p>Pamela Foster comparte un emotivo homenaje a su hija, Ashlynne Mike.</p>        <a href="https://amberadvocate.org/es/?articles=en-honor-a-mi-hermosa-hija-ashlynne-mike-en-su-21-cumpleanos" class="btn small">Leer más</a>      </div>
    </div>

  
    
    <div class="loop-container">
      <div class="loop-image-section"><img decoding="async" src="https://amberadvocate.org/wp-content/uploads/2025/08/1.-PF-July-17-300x251.png" alt="“Voces de la alerta AMBER en territorio indígena”"></div>      <div class="loop-container-contents">
        <h2 class="loop-card-title">“Voces de la alerta AMBER en territorio indígena”</h2>
        <p>La iniciativa Alerta AMBER en territorio indígena (AIIC) de AATTAP es un puente destinado a superar los obstáculos para proteger a los niños, y este tema es el núcleo de nuestra serie en curso, “Voces de la alerta AMBER en territorio indígena”.</p>        <a href="https://amberadvocate.org/es/?articles=voces-de-la-alerta-amber-en-territorio-indigena" class="btn small">Leer más</a>      </div>
    </div>

  
    
    <div class="loop-container">
      <div class="loop-image-section"><img decoding="async" src="https://amberadvocate.org/wp-content/uploads/2025/08/JR-featured-image-300x225.png" alt="Alerta AMBER en territorio indio: en el punto de mira"></div>      <div class="loop-container-contents">
        <h2 class="loop-card-title">Alerta AMBER en territorio indio: en el punto de mira</h2>
        <p>Ayuda, unidad y esperanza: Un nuevo proyecto de vídeo sobre la alerta AMBER en territorio indio cuenta con líderes de protección infantil de tribus estadounidenses que solicitan una mayor formación y colaboración para ayudar a salvar vidas.</p>        <a href="https://amberadvocate.org/es/?articles=alerta-amber-en-territorio-indio-en-el-punto-de-mira" class="btn small">Leer más</a>      </div>
    </div>

  
    
    <div class="loop-container">
      <div class="loop-image-section"><img decoding="async" src="https://amberadvocate.org/wp-content/uploads/2025/05/Jen-Murphy-300x200.png" alt="Afrontar la crisis de PMIM/MMIM a través del apoyo"></div>      <div class="loop-container-contents">
        <h2 class="loop-card-title">Afrontar la crisis de PMIM/MMIM a través del apoyo</h2>
        <p>“Cada voz importa” en la búsqueda de personas indígenas desaparecidas y asesinadas, y esto sustenta el trabajo del programa Ashlynne Mike AMBER Alert en territorio indígena. La iniciativa ayuda a las fuerzas del orden tribales y no tribales a encontrar rápidamente a los niños desaparecidos y a buscar justicia para cualquier vida preciosa dañada. </p>        <a href="https://amberadvocate.org/es/?articles=afrontar-la-crisis-de-pmim-mmim-a-traves-del-apoyo" class="btn small">Leer más</a>      </div>
    </div>

  
    
    <div class="loop-container">
      <div class="loop-image-section"><img decoding="async" src="https://amberadvocate.org/wp-content/uploads/2025/04/Pamela-and-Ashlynne-copy-300x199.png" alt="El legado de Ashlynne Mike: Alerta AMBER en territorio indígena"></div>      <div class="loop-container-contents">
        <h2 class="loop-card-title">El legado de Ashlynne Mike: Alerta AMBER en territorio indígena</h2>
        <p>La madre de Ashlynne Mike, Pamela Foster, defendió la necesidad de las alertas AMBER en territorio indígena durante el Simposio de 2025. Su impactante presentación fue un regalo, en muchos sentidos. </p>        <a href="https://amberadvocate.org/es/?articles=el-legado-de-ashlynne-mike-alerta-amber-en-territorio-indigena" class="btn small">Leer más</a>      </div>
    </div>

    </div><!-- aa-issue-articles-container -->



</div>
<div class="facetwp-facet facetwp-facet-partner_pagination facetwp-type-pager" data-name="partner_pagination" data-type="pager"></div>
</div>
</div></div></div></div></div>

<p>Un legado más allá de la pérdida Las vastas distancias, el clima riguroso y las complejas líneas jurisdiccionales complican la búsqueda de justicia para los MMIP en Alaska, mientras un padre en duelo lucha para asegurar que cada vida sea vista y escuchada. Leer más Carta en amorosa memoria de mi hija, Ashley Johnson-Barr El [&hellip;]</p>
